{"id":118,"date":"2020-06-13T19:35:40","date_gmt":"2020-06-13T19:35:40","guid":{"rendered":"https:\/\/electricien-montrouge.fr\/?page_id=118"},"modified":"2020-07-02T07:28:41","modified_gmt":"2020-07-02T07:28:41","slug":"depannage-electrique","status":"publish","type":"page","link":"https:\/\/electricien-montrouge.fr\/?page_id=118","title":{"rendered":"D\u00e9pannage \u00e9lectrique"},"content":{"rendered":"<div id='av_section_1'  class='avia-section main_color avia-section-huge avia-no-border-styling  avia-full-stretch avia-bg-style-scroll  avia-builder-el-0  el_before_av_section  avia-builder-el-first   container_wrap sidebar_right' style='background-repeat: no-repeat; background-image: url(https:\/\/electricien-montrouge.fr\/wp-content\/uploads\/2020\/06\/jtm-services-banner.jpg);background-attachment: scroll; background-position: center center;  '  data-section-bg-repeat='stretch'><div class='container' ><main  role=\"main\" itemprop=\"mainContentOfPage\"  class='template-page content  av-content-small alpha units'><div class='post-entry post-entry-type-page post-entry-118'><div class='entry-content-wrapper clearfix'>\n<div class=\"flex_column av_one_full  flex_column_div av-zero-column-padding first  avia-builder-el-1  avia-builder-el-no-sibling  \" style='border-radius:0px; '><div  style='padding-bottom:10px; margin-top:24px; color:#ffffff;font-size:48px;' class='av-special-heading av-special-heading-h1 custom-color-heading blockquote modern-quote  avia-builder-el-2  avia-builder-el-no-sibling  title_top av-inherit-size '><h1 class='av-special-heading-tag  av-medium-font-size-overwrite av-medium-font-size-44 av-small-font-size-overwrite av-small-font-size-38 av-mini-font-size-overwrite av-mini-font-size-34'  itemprop=\"headline\"  >Nos services en d\u00e9pannage \u00e9lectrique<\/h1><div class='special-heading-border'><div class='special-heading-inner-border' style='border-color:#ffffff'><\/div><\/div><\/div><\/div>\n\n<\/div><\/div><\/main><!-- close content main element --><\/div><\/div><div id='av_section_2'  class='avia-section main_color avia-section-large avia-no-border-styling  avia-bg-style-scroll  avia-builder-el-3  el_after_av_section  avia-builder-el-last  choose_section  container_wrap sidebar_right' style=' '  ><div class='container' ><div class='template-page content  av-content-small alpha units'><div class='post-entry post-entry-type-page post-entry-118'><div class='entry-content-wrapper clearfix'>\n<div class='flex_column_table av-equal-height-column-flextable -flextable' ><div class=\"flex_column av_two_fifth  flex_column_table_cell av-equal-height-column av-align-top av-zero-column-padding first  avia-builder-el-4  el_before_av_three_fifth  avia-builder-el-first  \" style='border-radius:0px; '><p><section class=\"av_textblock_section \"  itemscope=\"itemscope\" itemtype=\"https:\/\/schema.org\/CreativeWork\" ><div class='avia_textblock  '   itemprop=\"text\" ><p><strong><a href=\"https:\/\/electricien-montrouge.fr\/\">\u00c9lectricien \u00e0 Montrouge<\/a><\/strong><\/p>\n<\/div><\/section><br \/>\n<div  style='padding-bottom:10px; margin-top:24px; color:#0a0a0a;font-size:21px;' class='av-special-heading av-special-heading-h2 custom-color-heading blockquote modern-quote  avia-builder-el-6  el_after_av_textblock  avia-builder-el-last  title_top av-inherit-size '><h2 class='av-special-heading-tag  av-medium-font-size-overwrite av-medium-font-size-44 av-small-font-size-overwrite av-small-font-size-38 av-mini-font-size-overwrite av-mini-font-size-34'  itemprop=\"headline\"  >D\u00e9pannage d\u2019urgence ou sur rendez-vous, nous nous chargeons de tous vos travaux \u00e9lectriques, en fonction du besoin de la client\u00e8le. Le raccordement de vos c\u00e2bles \u00e0 un r\u00e9seau de distribution oubli, la remise \u00e0 niveau de tous vos branchements ainsi que l\u2019installation r\u00e9sidentielle et industrielle figurent \u00e9galement parmi nos sp\u00e9cialit\u00e9s. Un \u00e9lectricien chevronn\u00e9 n\u2019h\u00e9sitera pas \u00e0 se servir de ses comp\u00e9tences pour mettre en place un syst\u00e8me de s\u00e9curit\u00e9 ou une alarme de feu.<\/h2><div class='special-heading-border'><div class='special-heading-inner-border' style='border-color:#0a0a0a'><\/div><\/div><\/div><\/p><\/div><div class='av-flex-placeholder'><\/div><div class=\"flex_column av_three_fifth  flex_column_table_cell av-equal-height-column av-align-top av-zero-column-padding   avia-builder-el-7  el_after_av_two_fifth  el_before_av_hr  \" style='border-radius:0px; '><div  class='avia-image-container  av-styling-    avia-builder-el-8  avia-builder-el-no-sibling  avia-align-center '  itemprop=\"image\" itemscope=\"itemscope\" itemtype=\"https:\/\/schema.org\/ImageObject\"  ><div class='avia-image-container-inner'><div class='avia-image-overlay-wrap'><img class='avia_image' src='https:\/\/electricien-montrouge.fr\/wp-content\/uploads\/2020\/06\/electricien_montrouge_depannage.jpg' alt='' title='electricien_montrouge_depannage' height=\"410\" width=\"626\"  itemprop=\"thumbnailUrl\"  \/><\/div><\/div><\/div><\/div><\/div><!--close column table wrapper. Autoclose: 1 --><div   class='hr hr-default   avia-builder-el-9  el_after_av_three_fifth  el_before_av_textblock '><span class='hr-inner ' ><span class='hr-inner-style'><\/span><\/span><\/div>\n<section class=\"av_textblock_section \"  itemscope=\"itemscope\" itemtype=\"https:\/\/schema.org\/CreativeWork\" ><div class='avia_textblock  '   itemprop=\"text\" ><p style=\"text-align: justify;\">De par nos ann\u00e9es d\u2019exp\u00e9rience, nos techniciens sont en mesure de vous offrir, dans le <strong>quartier Plein Sud ou pr\u00e8s de la rue Marcelin Berthelot<\/strong>, un travail de qualit\u00e9. Apr\u00e8s un d\u00e9m\u00e9nagement dans une nouvelle maison ou un simple am\u00e9nagement dans un nouveau local, faites confiance \u00e0 un \u00e9lectricien pour mettre votre compteur en marche.<\/p>\n<p style=\"text-align: justify;\">En tant qu\u2019experts, nos services ne se limitent pas \u00e0 des interventions \u00e9lectriques, mais concernent \u00e9galement le domaine de la domotique. Nous r\u00e9glons alors les probl\u00e8mes li\u00e9s aux volets roulant, au m\u00e9canisme de portes et portails automatiques et, mettons en place un mat\u00e9riel de chauffage. Les constructions \u00e9lectriques, le c\u00e2blage et la pose des bo\u00eetes de panneaux viennent compl\u00e9ter la liste de nos prestations.<\/p>\n<h2 style=\"text-align: justify;\">Choisir un \u00e9lectricien \u00e0 Montrouge, les crit\u00e8res\u2009?<\/h2>\n<p style=\"text-align: justify;\">Dans la r\u00e9alisation de travaux \u00e9lectrique, le choix de prestataire reste l\u2019une des t\u00e2ches les plus difficiles \u00e0 faire. Pour avoir le r\u00e9sultat escompt\u00e9, il est primordial d\u2019\u00e9tablir quelques crit\u00e8res de s\u00e9lections, mais avant de les fixer, prenez le temps de lister vos besoins. Une fois d\u00e9cid\u00e9 sur les modifications \u00e0 apporter \u00e0 votre installation, vous pouvez enfin choisir l\u2019\u00e9lectricien qui vous convient.<\/p>\n<p style=\"text-align: justify;\">Commencez ensuite par la s\u00e9lection des techniciens comp\u00e9tents. Vous pouvez les diff\u00e9rencier en vous servant de leur qualification et de la certification dont il dispose. Un bon artisan est en g\u00e9n\u00e9ral titulaire de la norme QUALIFELEC. Partez de cette exigence qualit\u00e9 pour avoir une installation \u00e9lectrique conforme \u00e0 la l\u00e9gislation.<\/p>\n<p style=\"text-align: justify;\">Afin d\u2019optimiser le co\u00fbt de chaque intervention, il convient de rajouter \u00e0 vos pr\u00e9c\u00e9dents crit\u00e8res la distance entre le bureau du prestataire et le lieu de travail. En optant pour un sp\u00e9cialiste pr\u00e8s de chez vous, vous arriverez \u00e0 diminuer le temps d\u2019attente et le frais de transport. Ce qui est pratique lorsqu\u2019on a un budget restreint.<\/p>\n<p style=\"text-align: justify;\">Vous pouvez \u00e9galement opter pour plusieurs prestataires dans un premier, pour avoir plus d\u2019options. Apr\u00e8s cette s\u00e9lection vient alors la phase de planification des travaux. Pour ce faire, pensez \u00e0 demander des devis aupr\u00e8s de ses \u00e9lectriciens et comparez toutes la proposition entre eux. Il est possible de trouver une offre aussi int\u00e9ressante au niveau du prix que des d\u00e9pannages \u00e0 faire, mais, ne commettez pas l\u2019erreur de le choisir. Certains experts promettent de tarif plus bas que d\u2019autres et ont un r\u00e9sultat peu satisfaisant. N\u2019oubliez pas de vous r\u00e9f\u00e9rer aupr\u00e8s de vos voisins et proches, ils peuvent \u00eatre d\u2019une aide pr\u00e9cieuse. Pour des prestataires sur internet, pensez \u00e0 lire l\u2019avis de leur client pour vous fixer.<\/p>\n<h2>Le choix de votre artisan \u00e9lectricien \u00e0 Montrouge<\/h2>\n<p style=\"text-align: justify;\">Inutile de vous jeter \u00e0 corps perdu dans vos travaux sans prendre le temps de bien envisager la prestation. D\u00e9finissez clairement vos besoins, et seulement ensuite, vous pouvez entreprendre une recherche parmi les professionnels situ\u00e9s autour de votre domicile, <strong>aux alentours de l\u2019\u00e9glise Saint-Jacques de Montrouge ou de la rue de la Vanne<\/strong>. Dans votre recherche, il convient de v\u00e9rifier les labels de qualit\u00e9, notamment QUALIFELEC.<\/p>\n<p style=\"text-align: justify;\">Une source de comparaison r\u00e9side \u00e9galement en l\u2019avis de vos proches et voisins. Ils peuvent vous donner une indication positive ou n\u00e9gative au travers d\u2019une exp\u00e9rience v\u00e9cue. Vous pouvez ainsi d\u00e9terminer quel professionnel est digne de votre attention. Les avis clients sur internet fonctionnent dans cette m\u00eame optique.<\/p>\n<p style=\"text-align: justify;\">Votre premi\u00e8re s\u00e9lection devra comprendre trois ou quatre entreprises d\u2019\u00e9lectricit\u00e9 \u00e0 Montrouge ou sa r\u00e9gion. Vous r\u00e9aliserez un devis aupr\u00e8s de chacune d\u2019elle, et pourrez ainsi comparer les prix ainsi que les d\u00e9tails de la prestation de chacun. \u00c9loignez-vous des prix trop comp\u00e9titifs ainsi que des devis trop flous. Ils sont parfois vecteurs de mauvaises exp\u00e9riences, qui n\u2019offriront pour seule garantie qu\u2019un travail b\u00e2cl\u00e9 et parfois m\u00eame non d\u00e9clar\u00e9.<\/p>\n<\/div><\/section>\n<\/div><\/div><\/div><!-- close content main div --><\/div><\/div><div id='after_section_2'  class='main_color av_default_container_wrap container_wrap sidebar_right' style=' '  ><div class='container' ><div class='template-page content  av-content-small alpha units'><div class='post-entry post-entry-type-page post-entry-118'><div class='entry-content-wrapper clearfix'>\n","protected":false},"excerpt":{"rendered":"","protected":false},"author":2,"featured_media":0,"parent":0,"menu_order":0,"comment_status":"closed","ping_status":"closed","template":"","meta":{"footnotes":""},"class_list":["post-118","page","type-page","status-publish","hentry"],"yoast_head":"<!-- This site is optimized with the Yoast SEO plugin v26.3 - https:\/\/yoast.com\/wordpress\/plugins\/seo\/ -->\n<title>D\u00e9pannage \u00e9lectrique - Electricien Montrouge<\/title>\n<meta name=\"robots\" content=\"index, follow, max-snippet:-1, max-image-preview:large, max-video-preview:-1\" \/>\n<link rel=\"canonical\" href=\"http:\/\/electricien-montrouge.fr\/?page_id=118\" \/>\n<meta property=\"og:locale\" content=\"fr_FR\" \/>\n<meta property=\"og:type\" content=\"article\" \/>\n<meta property=\"og:title\" content=\"D\u00e9pannage \u00e9lectrique - Electricien Montrouge\" \/>\n<meta property=\"og:url\" content=\"http:\/\/electricien-montrouge.fr\/?page_id=118\" \/>\n<meta property=\"og:site_name\" content=\"Electricien Montrouge\" \/>\n<meta property=\"article:modified_time\" content=\"2020-07-02T07:28:41+00:00\" \/>\n<meta name=\"twitter:card\" content=\"summary_large_image\" \/>\n<meta name=\"twitter:label1\" content=\"Dur\u00e9e de lecture estim\u00e9e\" \/>\n\t<meta name=\"twitter:data1\" content=\"9 minutes\" \/>\n<script type=\"application\/ld+json\" class=\"yoast-schema-graph\">{\"@context\":\"https:\/\/schema.org\",\"@graph\":[{\"@type\":\"WebPage\",\"@id\":\"http:\/\/electricien-montrouge.fr\/?page_id=118\",\"url\":\"http:\/\/electricien-montrouge.fr\/?page_id=118\",\"name\":\"D\u00e9pannage \u00e9lectrique - Electricien Montrouge\",\"isPartOf\":{\"@id\":\"https:\/\/electricien-montrouge.fr\/#website\"},\"datePublished\":\"2020-06-13T19:35:40+00:00\",\"dateModified\":\"2020-07-02T07:28:41+00:00\",\"breadcrumb\":{\"@id\":\"http:\/\/electricien-montrouge.fr\/?page_id=118#breadcrumb\"},\"inLanguage\":\"fr-FR\",\"potentialAction\":[{\"@type\":\"ReadAction\",\"target\":[\"http:\/\/electricien-montrouge.fr\/?page_id=118\"]}]},{\"@type\":\"BreadcrumbList\",\"@id\":\"http:\/\/electricien-montrouge.fr\/?page_id=118#breadcrumb\",\"itemListElement\":[{\"@type\":\"ListItem\",\"position\":1,\"name\":\"Accueil\",\"item\":\"https:\/\/electricien-montrouge.fr\/\"},{\"@type\":\"ListItem\",\"position\":2,\"name\":\"D\u00e9pannage \u00e9lectrique\"}]},{\"@type\":\"WebSite\",\"@id\":\"https:\/\/electricien-montrouge.fr\/#website\",\"url\":\"https:\/\/electricien-montrouge.fr\/\",\"name\":\"Electricien Montrouge\",\"description\":\"Arti Pro\",\"potentialAction\":[{\"@type\":\"SearchAction\",\"target\":{\"@type\":\"EntryPoint\",\"urlTemplate\":\"https:\/\/electricien-montrouge.fr\/?s={search_term_string}\"},\"query-input\":{\"@type\":\"PropertyValueSpecification\",\"valueRequired\":true,\"valueName\":\"search_term_string\"}}],\"inLanguage\":\"fr-FR\"}]}<\/script>\n<!-- \/ Yoast SEO plugin. -->","yoast_head_json":{"title":"D\u00e9pannage \u00e9lectrique - Electricien Montrouge","robots":{"index":"index","follow":"follow","max-snippet":"max-snippet:-1","max-image-preview":"max-image-preview:large","max-video-preview":"max-video-preview:-1"},"canonical":"http:\/\/electricien-montrouge.fr\/?page_id=118","og_locale":"fr_FR","og_type":"article","og_title":"D\u00e9pannage \u00e9lectrique - Electricien Montrouge","og_url":"http:\/\/electricien-montrouge.fr\/?page_id=118","og_site_name":"Electricien Montrouge","article_modified_time":"2020-07-02T07:28:41+00:00","twitter_card":"summary_large_image","twitter_misc":{"Dur\u00e9e de lecture estim\u00e9e":"9 minutes"},"schema":{"@context":"https:\/\/schema.org","@graph":[{"@type":"WebPage","@id":"http:\/\/electricien-montrouge.fr\/?page_id=118","url":"http:\/\/electricien-montrouge.fr\/?page_id=118","name":"D\u00e9pannage \u00e9lectrique - Electricien Montrouge","isPartOf":{"@id":"https:\/\/electricien-montrouge.fr\/#website"},"datePublished":"2020-06-13T19:35:40+00:00","dateModified":"2020-07-02T07:28:41+00:00","breadcrumb":{"@id":"http:\/\/electricien-montrouge.fr\/?page_id=118#breadcrumb"},"inLanguage":"fr-FR","potentialAction":[{"@type":"ReadAction","target":["http:\/\/electricien-montrouge.fr\/?page_id=118"]}]},{"@type":"BreadcrumbList","@id":"http:\/\/electricien-montrouge.fr\/?page_id=118#breadcrumb","itemListElement":[{"@type":"ListItem","position":1,"name":"Accueil","item":"https:\/\/electricien-montrouge.fr\/"},{"@type":"ListItem","position":2,"name":"D\u00e9pannage \u00e9lectrique"}]},{"@type":"WebSite","@id":"https:\/\/electricien-montrouge.fr\/#website","url":"https:\/\/electricien-montrouge.fr\/","name":"Electricien Montrouge","description":"Arti Pro","potentialAction":[{"@type":"SearchAction","target":{"@type":"EntryPoint","urlTemplate":"https:\/\/electricien-montrouge.fr\/?s={search_term_string}"},"query-input":{"@type":"PropertyValueSpecification","valueRequired":true,"valueName":"search_term_string"}}],"inLanguage":"fr-FR"}]}},"amp_enabled":true,"_links":{"self":[{"href":"https:\/\/electricien-montrouge.fr\/index.php?rest_route=\/wp\/v2\/pages\/118","targetHints":{"allow":["GET"]}}],"collection":[{"href":"https:\/\/electricien-montrouge.fr\/index.php?rest_route=\/wp\/v2\/pages"}],"about":[{"href":"https:\/\/electricien-montrouge.fr\/index.php?rest_route=\/wp\/v2\/types\/page"}],"author":[{"embeddable":true,"href":"https:\/\/electricien-montrouge.fr\/index.php?rest_route=\/wp\/v2\/users\/2"}],"replies":[{"embeddable":true,"href":"https:\/\/electricien-montrouge.fr\/index.php?rest_route=%2Fwp%2Fv2%2Fcomments&post=118"}],"version-history":[{"count":0,"href":"https:\/\/electricien-montrouge.fr\/index.php?rest_route=\/wp\/v2\/pages\/118\/revisions"}],"wp:attachment":[{"href":"https:\/\/electricien-montrouge.fr\/index.php?rest_route=%2Fwp%2Fv2%2Fmedia&parent=118"}],"curies":[{"name":"wp","href":"https:\/\/api.w.org\/{rel}","templated":true}]}}